[INFO] fetching crate kilac 0.2.0...
[INFO] checking kilac-0.2.0 against try#72f88fc4e9458f89516a0b8b0868f3718aec5b47 for pr-74989
[INFO] extracting crate kilac 0.2.0 into /workspace/builds/worker-3/source
[INFO] validating manifest of crates.io crate kilac 0.2.0 on toolchain 72f88fc4e9458f89516a0b8b0868f3718aec5b47
[INFO] running `Command { std: "/workspace/cargo-home/bin/cargo" "+72f88fc4e9458f89516a0b8b0868f3718aec5b47" "read-manifest" "--manifest-path" "Cargo.toml", kill_on_drop: false }`
[INFO] started tweaking crates.io crate kilac 0.2.0
[INFO] finished tweaking crates.io crate kilac 0.2.0
[INFO] tweaked toml for crates.io crate kilac 0.2.0 written to /workspace/builds/worker-3/source/Cargo.toml
[INFO] running `Command { std: "/workspace/cargo-home/bin/cargo" "+72f88fc4e9458f89516a0b8b0868f3718aec5b47" "generate-lockfile" "--manifest-path" "Cargo.toml" "-Zno-index-update", kill_on_drop: false }`
[INFO] [stderr]     Blocking waiting for file lock on package cache
[INFO] running `Command { std: "/workspace/cargo-home/bin/cargo" "+72f88fc4e9458f89516a0b8b0868f3718aec5b47" "fetch" "--locked" "--manifest-path" "Cargo.toml", kill_on_drop: false }`
[INFO] [stderr]     Blocking waiting for file lock on package cache
[INFO] [stderr]  Downloading crates ...
[INFO] [stderr]   Downloaded proc-macro2 v1.0.21
[INFO] [stderr]   Downloaded byteorder v1.3.4
[INFO] [stderr]   Downloaded ryu v1.0.5
[INFO] [stderr]   Downloaded tinytemplate v1.1.0
[INFO] [stderr]   Downloaded atty v0.2.14
[INFO] [stderr]   Downloaded textwrap v0.11.0
[INFO] [stderr]   Downloaded num-traits v0.2.12
[INFO] [stderr]   Downloaded difference v2.0.0
[INFO] [stderr]   Downloaded rand_xoshiro v0.1.0
[INFO] [stderr]   Downloaded quote v1.0.7
[INFO] [stderr]   Downloaded serde v1.0.116
[INFO] [stderr]   Downloaded syn v1.0.40
[INFO] [stderr]   Downloaded cast v0.2.3
[INFO] [stderr]   Downloaded hermit-abi v0.1.15
[INFO] [stderr]   Downloaded rand_core v0.4.2
[INFO] [stderr]   Downloaded semver v0.9.0
[INFO] [stderr]   Downloaded rand_os v0.1.3
[INFO] [stderr]   Downloaded unicode-xid v0.2.1
[INFO] [stderr]   Downloaded fuchsia-cprng v0.1.1
[INFO] [stderr]   Downloaded crossbeam-deque v0.7.3
[INFO] [stderr]   Downloaded regex-automata v0.1.9
[INFO] [stderr]   Downloaded crossbeam-channel v0.4.4
[INFO] [stderr]   Downloaded crossbeam-epoch v0.8.2
[INFO] [stderr]   Downloaded same-file v1.0.6
[INFO] [stderr]   Downloaded winapi-util v0.1.5
[INFO] [stderr]   Downloaded autocfg v1.0.1
[INFO] [stderr]   Downloaded itoa v0.4.6
[INFO] [stderr]   Downloaded bstr v0.2.13
[INFO] [stderr]   Downloaded libc v0.2.77
[INFO] [stderr]   Downloaded pretty_assertions v0.5.1
[INFO] [stderr]   Downloaded winapi v0.3.9
[INFO] [stderr]   Downloaded scopeguard v1.1.0
[INFO] [stderr]   Downloaded criterion-plot v0.3.1
[INFO] [stderr]   Downloaded itertools v0.8.2
[INFO] [stderr]   Downloaded rustc_version v0.2.3
[INFO] [stderr]   Downloaded rayon v1.4.0
[INFO] [stderr]   Downloaded semver-parser v0.7.0
[INFO] [stderr]   Downloaded csv v1.1.3
[INFO] [stderr]   Downloaded rayon-core v1.8.0
[INFO] [stderr]   Downloaded clap v2.33.3
[INFO] [stderr]   Downloaded rdrand v0.4.0
[INFO] [stderr]   Downloaded csv-core v0.1.10
[INFO] [stderr]   Downloaded rand_core v0.3.1
[INFO] [stderr]   Downloaded memoffset v0.5.5
[INFO] [stderr]   Downloaded serde_json v1.0.57
[INFO] [stderr]   Downloaded unicode-width v0.1.8
[INFO] [stderr]   Downloaded num_cpus v1.13.0
[INFO] [stderr]   Downloaded maybe-uninit v2.0.0
[INFO] [stderr]   Downloaded either v1.6.0
[INFO] [stderr]   Downloaded criterion v0.2.11
[INFO] [stderr]   Downloaded serde_derive v1.0.116
[INFO] [stderr]   Downloaded walkdir v2.3.1
[INFO] [stderr]   Downloaded cloudabi v0.0.3
[INFO] [stderr]   Downloaded ansi_term v0.11.0
[INFO] running `Command { std: "docker" "create" "-v" "/var/lib/crater-agent-workspace/builds/worker-3/target:/opt/rustwide/target:rw,Z" "-v" "/var/lib/crater-agent-workspace/builds/worker-3/source:/opt/rustwide/workdir:ro,Z" "-v" "/var/lib/crater-agent-workspace/cargo-home:/opt/rustwide/cargo-home:ro,Z" "-v" "/var/lib/crater-agent-workspace/rustup-home:/opt/rustwide/rustup-home:ro,Z" "-e" "SOURCE_DIR=/opt/rustwide/workdir" "-e" "CARGO_TARGET_DIR=/opt/rustwide/target" "-e" "CARGO_HOME=/opt/rustwide/cargo-home" "-e" "RUSTUP_HOME=/opt/rustwide/rustup-home" "-w" "/opt/rustwide/workdir" "-m" "1610612736" "--user" "0:0" "--network" "none" "rustops/crates-build-env@sha256:d92eaeed33fa75130ca1ee6c8a01d1ffb62bac859dfdfb3450e3e5d1c0146529" "/opt/rustwide/cargo-home/bin/cargo" "+72f88fc4e9458f89516a0b8b0868f3718aec5b47" "metadata" "--no-deps" "--format-version=1", kill_on_drop: false }`
[INFO] [stdout] b45b1fee9615bffb61ef208b4b01af3b23d067869a9d752c253f1d73149409ca
[INFO] [stderr] WARNING: Your kernel does not support swap limit capabilities or the cgroup is not mounted. Memory limited without swap.
[INFO] running `Command { std: "docker" "start" "-a" "b45b1fee9615bffb61ef208b4b01af3b23d067869a9d752c253f1d73149409ca", kill_on_drop: false }`
[INFO] running `Command { std: "docker" "inspect" "b45b1fee9615bffb61ef208b4b01af3b23d067869a9d752c253f1d73149409ca", kill_on_drop: false }`
[INFO] running `Command { std: "docker" "rm" "-f" "b45b1fee9615bffb61ef208b4b01af3b23d067869a9d752c253f1d73149409ca", kill_on_drop: false }`
[INFO] [stdout] b45b1fee9615bffb61ef208b4b01af3b23d067869a9d752c253f1d73149409ca
[INFO] running `Command { std: "docker" "create" "-v" "/var/lib/crater-agent-workspace/builds/worker-3/target:/opt/rustwide/target:rw,Z" "-v" "/var/lib/crater-agent-workspace/builds/worker-3/source:/opt/rustwide/workdir:ro,Z" "-v" "/var/lib/crater-agent-workspace/cargo-home:/opt/rustwide/cargo-home:ro,Z" "-v" "/var/lib/crater-agent-workspace/rustup-home:/opt/rustwide/rustup-home:ro,Z" "-e" "SOURCE_DIR=/opt/rustwide/workdir" "-e" "CARGO_TARGET_DIR=/opt/rustwide/target" "-e" "CARGO_INCREMENTAL=0" "-e" "RUST_BACKTRACE=full" "-e" "RUSTFLAGS=--cap-lints=forbid" "-e" "CARGO_HOME=/opt/rustwide/cargo-home" "-e" "RUSTUP_HOME=/opt/rustwide/rustup-home" "-w" "/opt/rustwide/workdir" "-m" "1610612736" "--user" "0:0" "--network" "none" "rustops/crates-build-env@sha256:d92eaeed33fa75130ca1ee6c8a01d1ffb62bac859dfdfb3450e3e5d1c0146529" "/opt/rustwide/cargo-home/bin/cargo" "+72f88fc4e9458f89516a0b8b0868f3718aec5b47" "check" "--frozen" "--all" "--all-targets" "--message-format=json", kill_on_drop: false }`
[INFO] [stdout] dcffaeaa0119b6222ce39f9c761a9a34ff6294692700c804c721dc7138861474
[INFO] [stderr] WARNING: Your kernel does not support swap limit capabilities or the cgroup is not mounted. Memory limited without swap.
[INFO] running `Command { std: "docker" "start" "-a" "dcffaeaa0119b6222ce39f9c761a9a34ff6294692700c804c721dc7138861474", kill_on_drop: false }`
[INFO] [stderr]     Blocking waiting for file lock on package cache
[INFO] [stderr]    Compiling autocfg v1.0.1
[INFO] [stderr]     Checking lazy_static v1.4.0
[INFO] [stderr]    Compiling maybe-uninit v2.0.0
[INFO] [stderr]    Compiling libc v0.2.77
[INFO] [stderr]    Compiling serde v1.0.116
[INFO] [stderr]    Compiling semver-parser v0.7.0
[INFO] [stderr]    Compiling bitflags v1.2.1
[INFO] [stderr]     Checking rand_core v0.4.2
[INFO] [stderr]     Checking either v1.6.0
[INFO] [stderr]     Checking kilac v0.2.0 (/opt/rustwide/workdir)
[INFO] [stderr]     Checking pretty_assertions v0.5.1
[INFO] [stderr]     Checking regex-automata v0.1.9
[INFO] [stderr]    Compiling syn v1.0.40
[INFO] [stdout] warning: use of deprecated macro `try`: use the `?` operator instead
[INFO] [stdout]   --> src/calc/mod.rs:67:18
[INFO] [stdout]    |
[INFO] [stdout] 67 |     let parsed = try!(parse(lex(&s), c.clone()));
[INFO] [stdout]    |                  ^^^
[INFO] [stdout]    |
[INFO] [stdout]    = note: `#[warn(deprecated)]` on by default
[INFO] [stdout] 
[INFO] [stdout] 
[INFO] [stdout] warning: use of deprecated macro `try`: use the `?` operator instead
[INFO] [stdout]   --> src/calc/mod.rs:99:23
[INFO] [stdout]    |
[INFO] [stdout] 99 |                 match try!(eval(i.clone(), c.clone())) {
[INFO] [stdout]    |                       ^^^
[INFO] [stdout] 
[INFO] [stdout] 
[INFO] [stdout] warning: use of deprecated macro `try`: use the `?` operator instead
[INFO] [stdout]    --> src/calc/mod.rs:156:26
[INFO] [stdout]     |
[INFO] [stdout] 156 |             ast_to_value(try!(c.get(s)))
[INFO] [stdout]     |                          ^^^
[INFO] [stdout] 
[INFO] [stdout] 
[INFO] [stderr]     Checking itertools v0.8.2
[INFO] [stderr]     Checking rand_core v0.3.1
[INFO] [stdout] warning: 3 warnings emitted
[INFO] [stdout] 
[INFO] [stdout] 
[INFO] [stderr]    Compiling semver v0.9.0
[INFO] [stderr]     Checking rand_xoshiro v0.1.0
[INFO] [stderr]     Checking clap v2.33.3
[INFO] [stderr]    Compiling crossbeam-utils v0.7.2
[INFO] [stderr]    Compiling memoffset v0.5.5
[INFO] [stderr]    Compiling crossbeam-epoch v0.8.2
[INFO] [stderr]    Compiling rayon v1.4.0
[INFO] [stderr]    Compiling num-traits v0.2.12
[INFO] [stderr]    Compiling rustc_version v0.2.3
[INFO] [stderr]    Compiling cast v0.2.3
[INFO] [stderr]     Checking crossbeam-channel v0.4.4
[INFO] [stderr]     Checking criterion-plot v0.3.1
[INFO] [stderr]     Checking num_cpus v1.13.0
[INFO] [stderr]     Checking atty v0.2.14
[INFO] [stderr]     Checking rand_os v0.1.3
[INFO] [stderr]     Checking crossbeam-deque v0.7.3
[INFO] [stderr]     Checking rayon-core v1.8.0
[INFO] [stderr]    Compiling serde_derive v1.0.116
[INFO] [stderr]     Checking bstr v0.2.13
[INFO] [stderr]     Checking serde_json v1.0.57
[INFO] [stderr]     Checking csv v1.1.3
[INFO] [stderr]     Checking tinytemplate v1.1.0
[INFO] [stderr]     Checking criterion v0.2.11
[INFO] [stdout] warning: use of deprecated macro `try`: use the `?` operator instead
[INFO] [stdout]   --> src/calc/mod.rs:67:18
[INFO] [stdout]    |
[INFO] [stdout] 67 |     let parsed = try!(parse(lex(&s), c.clone()));
[INFO] [stdout]    |                  ^^^
[INFO] [stdout]    |
[INFO] [stdout]    = note: `#[warn(deprecated)]` on by default
[INFO] [stdout] 
[INFO] [stdout] 
[INFO] [stdout] warning: use of deprecated macro `try`: use the `?` operator instead
[INFO] [stdout]   --> src/calc/mod.rs:99:23
[INFO] [stdout]    |
[INFO] [stdout] 99 |                 match try!(eval(i.clone(), c.clone())) {
[INFO] [stdout]    |                       ^^^
[INFO] [stdout] 
[INFO] [stdout] 
[INFO] [stdout] warning: use of deprecated macro `try`: use the `?` operator instead
[INFO] [stdout]    --> src/calc/mod.rs:156:26
[INFO] [stdout]     |
[INFO] [stdout] 156 |             ast_to_value(try!(c.get(s)))
[INFO] [stdout]     |                          ^^^
[INFO] [stdout] 
[INFO] [stdout] 
[INFO] [stdout] error[E0061]: this function takes 2 arguments but 1 argument was supplied
[INFO] [stdout]   --> benches/kilac.rs:17:47
[INFO] [stdout]    |
[INFO] [stdout] 17 |     c.bench_function("ast min", |b| b.iter(|| parse(lex("min(5, 2)".into()))));
[INFO] [stdout]    |                                               ^^^^^ ----------------------- supplied 1 argument
[INFO] [stdout]    |                                               |
[INFO] [stdout]    |                                               expected 2 arguments
[INFO] [stdout] 
[INFO] [stdout] 
[INFO] [stdout] error[E0061]: this function takes 2 arguments but 1 argument was supplied
[INFO] [stdout]   --> benches/kilac.rs:18:50
[INFO] [stdout]    |
[INFO] [stdout] 18 |     c.bench_function("ast minmax", |b| b.iter(|| parse(lex("min(5, max(2, -2))".into()))));
[INFO] [stdout]    |                                                  ^^^^^ -------------------------------- supplied 1 argument
[INFO] [stdout]    |                                                  |
[INFO] [stdout]    |                                                  expected 2 arguments
[INFO] [stdout] 
[INFO] [stdout] 
[INFO] [stdout] error[E0061]: this function takes 2 arguments but 1 argument was supplied
[INFO] [stdout]   --> benches/kilac.rs:26:54
[INFO] [stdout]    |
[INFO] [stdout] 26 |     c.bench_function("calc empty min", |b| b.iter(|| eval(parse_fn(lex("min(5, 2)".into()), empty, EmptyCtx).ok().unwrap())));
[INFO] [stdout]    |                                                      ^^^^ ---------------------------------------------------------------- supplied 1 argument
[INFO] [stdout]    |                                                      |
[INFO] [stdout]    |                                                      expected 2 arguments
[INFO] [stdout] 
[INFO] [stdout] 
[INFO] [stdout] error[E0061]: this function takes 2 arguments but 1 argument was supplied
[INFO] [stdout]   --> benches/kilac.rs:27:57
[INFO] [stdout]    |
[INFO] [stdout] 27 |     c.bench_function("calc empty minmax", |b| b.iter(|| eval(parse_fn(lex("min(5, max(2, -2))".into()), empty, EmptyCtx).ok().unwrap())));
[INFO] [stdout]    |                                                         ^^^^ ------------------------------------------------------------------------- supplied 1 argument
[INFO] [stdout]    |                                                         |
[INFO] [stdout]    |                                                         expected 2 arguments
[INFO] [stdout] 
[INFO] [stdout] 
[INFO] [stdout] error: aborting due to 4 previous errors
[INFO] [stdout] 
[INFO] [stdout] 
[INFO] [stdout] For more information about this error, try `rustc --explain E0061`.
[INFO] [stdout] 
[INFO] [stderr] error: could not compile `kilac`.
[INFO] [stderr] 
[INFO] [stderr] To learn more, run the command again with --verbose.
[INFO] [stderr] warning: build failed, waiting for other jobs to finish...
[INFO] [stdout] warning: 3 warnings emitted
[INFO] [stdout] 
[INFO] [stdout] 
[INFO] [stderr] error: build failed
[INFO] running `Command { std: "docker" "inspect" "dcffaeaa0119b6222ce39f9c761a9a34ff6294692700c804c721dc7138861474", kill_on_drop: false }`
[INFO] running `Command { std: "docker" "rm" "-f" "dcffaeaa0119b6222ce39f9c761a9a34ff6294692700c804c721dc7138861474", kill_on_drop: false }`
[INFO] [stdout] dcffaeaa0119b6222ce39f9c761a9a34ff6294692700c804c721dc7138861474
